{"id":1227,"date":"2023-11-22T22:11:41","date_gmt":"2023-11-22T21:11:41","guid":{"rendered":"https:\/\/ewaiwa.ch.pw.edu.pl\/?page_id=1227"},"modified":"2026-04-13T22:53:17","modified_gmt":"2026-04-13T20:53:17","slug":"zk-joint-articles","status":"publish","type":"page","link":"https:\/\/ewaiwa.ch.pw.edu.pl\/index.php\/zk-joint-articles\/","title":{"rendered":"ZK Joint articles"},"content":{"rendered":"<div class=\"wp-block-image\">\n<figure class=\"aligncenter size-large\"><a href=\"https:\/\/www.mdpi.com\/2624-781X\/6\/2\/27\"><img loading=\"lazy\" decoding=\"async\" width=\"1024\" height=\"612\" src=\"https:\/\/ewaiwa.ch.pw.edu.pl\/wp-content\/uploads\/2026\/04\/Investigating-1024x612.jpg\" alt=\"\" class=\"wp-image-1446\" srcset=\"https:\/\/ewaiwa.ch.pw.edu.pl\/wp-content\/uploads\/2026\/04\/Investigating-1024x612.jpg 1024w, https:\/\/ewaiwa.ch.pw.edu.pl\/wp-content\/uploads\/2026\/04\/Investigating-300x179.jpg 300w, https:\/\/ewaiwa.ch.pw.edu.pl\/wp-content\/uploads\/2026\/04\/Investigating-768x459.jpg 768w, https:\/\/ewaiwa.ch.pw.edu.pl\/wp-content\/uploads\/2026\/04\/Investigating-1536x918.jpg 1536w, https:\/\/ewaiwa.ch.pw.edu.pl\/wp-content\/uploads\/2026\/04\/Investigating-1568x937.jpg 1568w, https:\/\/ewaiwa.ch.pw.edu.pl\/wp-content\/uploads\/2026\/04\/Investigating.jpg 1605w\" sizes=\"auto, (max-width: 1024px) 100vw, 1024px\" \/><\/a><figcaption class=\"wp-element-caption\"><a href=\"https:\/\/www.mdpi.com\/2624-781X\/6\/2\/27\">READ ARTICLE&#8230;<\/a><\/figcaption><\/figure>\n<\/div>\n\n\n<figure class=\"wp-block-image size-large\"><a href=\"https:\/\/pubs.acs.org\/doi\/10.1021\/acsmaterialsau.4c00062\"><img loading=\"lazy\" decoding=\"async\" width=\"1024\" height=\"664\" src=\"https:\/\/ewaiwa.ch.pw.edu.pl\/wp-content\/uploads\/2024\/09\/Bridging-2-1024x664.jpg\" alt=\"\" class=\"wp-image-1321\" srcset=\"https:\/\/ewaiwa.ch.pw.edu.pl\/wp-content\/uploads\/2024\/09\/Bridging-2-1024x664.jpg 1024w, https:\/\/ewaiwa.ch.pw.edu.pl\/wp-content\/uploads\/2024\/09\/Bridging-2-300x194.jpg 300w, https:\/\/ewaiwa.ch.pw.edu.pl\/wp-content\/uploads\/2024\/09\/Bridging-2-768x498.jpg 768w, https:\/\/ewaiwa.ch.pw.edu.pl\/wp-content\/uploads\/2024\/09\/Bridging-2-1536x996.jpg 1536w, https:\/\/ewaiwa.ch.pw.edu.pl\/wp-content\/uploads\/2024\/09\/Bridging-2-1568x1016.jpg 1568w, https:\/\/ewaiwa.ch.pw.edu.pl\/wp-content\/uploads\/2024\/09\/Bridging-2.jpg 1603w\" sizes=\"auto, (max-width: 1024px) 100vw, 1024px\" \/><\/a><figcaption class=\"wp-element-caption\"><a href=\"https:\/\/pubs.acs.org\/doi\/10.1021\/acsmaterialsau.4c00062\">READ ARTICLE&#8230;<\/a><\/figcaption><\/figure>\n\n\n<div class=\"wp-block-image\">\n<figure class=\"aligncenter size-large\"><a href=\"https:\/\/pubs.rsc.org\/en\/content\/articlehtml\/2023\/cy\/d3cy01183f\"><img loading=\"lazy\" decoding=\"async\" width=\"1024\" height=\"536\" src=\"https:\/\/ewaiwa.ch.pw.edu.pl\/wp-content\/uploads\/2023\/11\/ZK_01-1-1024x536.jpg\" alt=\"\" class=\"wp-image-1228\" srcset=\"https:\/\/ewaiwa.ch.pw.edu.pl\/wp-content\/uploads\/2023\/11\/ZK_01-1-1024x536.jpg 1024w, https:\/\/ewaiwa.ch.pw.edu.pl\/wp-content\/uploads\/2023\/11\/ZK_01-1-300x157.jpg 300w, https:\/\/ewaiwa.ch.pw.edu.pl\/wp-content\/uploads\/2023\/11\/ZK_01-1-768x402.jpg 768w, https:\/\/ewaiwa.ch.pw.edu.pl\/wp-content\/uploads\/2023\/11\/ZK_01-1.jpg 1344w\" sizes=\"auto, (max-width: 1024px) 100vw, 1024px\" \/><\/a><figcaption class=\"wp-element-caption\"><a href=\"https:\/\/pubs.rsc.org\/en\/content\/articlehtml\/2023\/cy\/d3cy01183f\">Anomalous behaviour of silver catalyst for soot oxidation explained: state of silver when operating and the influence of potassium ions<\/a><\/figcaption><\/figure>\n<\/div>\n\n<div class=\"wp-block-image\">\n<figure class=\"aligncenter size-full is-resized\"><a href=\"https:\/\/www.mdpi.com\/2073-4344\/13\/9\/1229\"><img loading=\"lazy\" decoding=\"async\" width=\"526\" height=\"371\" src=\"https:\/\/ewaiwa.ch.pw.edu.pl\/wp-content\/uploads\/2023\/11\/ZK_02-1.jpg\" alt=\"\" class=\"wp-image-1229\" style=\"width:611px;height:auto\" srcset=\"https:\/\/ewaiwa.ch.pw.edu.pl\/wp-content\/uploads\/2023\/11\/ZK_02-1.jpg 526w, https:\/\/ewaiwa.ch.pw.edu.pl\/wp-content\/uploads\/2023\/11\/ZK_02-1-300x212.jpg 300w\" sizes=\"auto, (max-width: 526px) 100vw, 526px\" \/><\/a><figcaption class=\"wp-element-caption\"><a href=\"https:\/\/www.mdpi.com\/2073-4344\/13\/9\/1229\">Catalytic Transfer Hydrogenation Performance of Magnesium-Doped ZrO<sub>2<\/sub> Solid Solutions<\/a><\/figcaption><\/figure>\n<\/div>\n\n<div class=\"wp-block-image\">\n<figure class=\"aligncenter size-full\"><a href=\"https:\/\/www.mdpi.com\/2073-4344\/12\/12\/1595\"><img loading=\"lazy\" decoding=\"async\" width=\"679\" height=\"282\" src=\"https:\/\/ewaiwa.ch.pw.edu.pl\/wp-content\/uploads\/2023\/11\/ZK_03.jpg\" alt=\"\" class=\"wp-image-1230\" srcset=\"https:\/\/ewaiwa.ch.pw.edu.pl\/wp-content\/uploads\/2023\/11\/ZK_03.jpg 679w, https:\/\/ewaiwa.ch.pw.edu.pl\/wp-content\/uploads\/2023\/11\/ZK_03-300x125.jpg 300w\" sizes=\"auto, (max-width: 679px) 100vw, 679px\" \/><\/a><figcaption class=\"wp-element-caption\"><a href=\"https:\/\/www.mdpi.com\/2073-4344\/12\/12\/1595\">A Hands-on Guide to the Synthesis of High-Purity and High-Surface-Area Magnesium Oxide<\/a><\/figcaption><\/figure>\n<\/div>\n\n<div class=\"wp-block-image\">\n<figure class=\"aligncenter size-full\"><a href=\"https:\/\/www.mdpi.com\/2073-4344\/12\/9\/974\"><img loading=\"lazy\" decoding=\"async\" width=\"679\" height=\"374\" src=\"https:\/\/ewaiwa.ch.pw.edu.pl\/wp-content\/uploads\/2023\/11\/ZK_04-1.jpg\" alt=\"\" class=\"wp-image-1231\" srcset=\"https:\/\/ewaiwa.ch.pw.edu.pl\/wp-content\/uploads\/2023\/11\/ZK_04-1.jpg 679w, https:\/\/ewaiwa.ch.pw.edu.pl\/wp-content\/uploads\/2023\/11\/ZK_04-1-300x165.jpg 300w\" sizes=\"auto, (max-width: 679px) 100vw, 679px\" \/><\/a><figcaption class=\"wp-element-caption\"><a href=\"https:\/\/www.mdpi.com\/2073-4344\/12\/9\/974\">Highly Active Large Au Clusters and Even More Active Ag Nanoparticles Supported on Ceria-Zirconia: Impact of Particle Size and Potassium Ion Loading on Activity in Catalytic Transfer Hydrogenation<\/a><\/figcaption><\/figure>\n<\/div>\n\n<div class=\"wp-block-image\">\n<figure class=\"aligncenter size-full\"><a href=\"https:\/\/www.mdpi.com\/2073-4344\/12\/5\/524\"><img loading=\"lazy\" decoding=\"async\" width=\"706\" height=\"388\" src=\"https:\/\/ewaiwa.ch.pw.edu.pl\/wp-content\/uploads\/2023\/11\/ZK_05-1.jpg\" alt=\"\" class=\"wp-image-1232\" srcset=\"https:\/\/ewaiwa.ch.pw.edu.pl\/wp-content\/uploads\/2023\/11\/ZK_05-1.jpg 706w, https:\/\/ewaiwa.ch.pw.edu.pl\/wp-content\/uploads\/2023\/11\/ZK_05-1-300x165.jpg 300w\" sizes=\"auto, (max-width: 706px) 100vw, 706px\" \/><\/a><figcaption class=\"wp-element-caption\"><a href=\"https:\/\/www.mdpi.com\/2073-4344\/12\/5\/524\">Reducibility Studies of Ceria, Ce<sub>0.85<\/sub>Zr<sub>0.15<\/sub>O<sub>2<\/sub> (CZ) and Au\/CZ Catalysts after Alkali Ion Doping: Impact on Activity in Oxidation of NO and CO<\/a><\/figcaption><\/figure>\n<\/div>\n\n\n<figure class=\"wp-block-image size-full\"><a href=\"https:\/\/www.mdpi.com\/2073-4344\/11\/11\/1338\"><img loading=\"lazy\" decoding=\"async\" width=\"725\" height=\"334\" src=\"https:\/\/ewaiwa.ch.pw.edu.pl\/wp-content\/uploads\/2023\/11\/ZK_06.jpg\" alt=\"\" class=\"wp-image-1233\" srcset=\"https:\/\/ewaiwa.ch.pw.edu.pl\/wp-content\/uploads\/2023\/11\/ZK_06.jpg 725w, https:\/\/ewaiwa.ch.pw.edu.pl\/wp-content\/uploads\/2023\/11\/ZK_06-300x138.jpg 300w\" sizes=\"auto, (max-width: 725px) 100vw, 725px\" \/><\/a><figcaption class=\"wp-element-caption\"><a href=\"https:\/\/www.mdpi.com\/2073-4344\/11\/11\/1338\">Catalytic Activity of High-Surface-Area Amorphous MgO Obtained from Upsalite<\/a><\/figcaption><\/figure>\n\n\n<div class=\"wp-block-image\">\n<figure class=\"aligncenter size-full\"><a href=\"https:\/\/www.mdpi.com\/2073-4344\/11\/9\/1041\"><img loading=\"lazy\" decoding=\"async\" width=\"898\" height=\"380\" src=\"https:\/\/ewaiwa.ch.pw.edu.pl\/wp-content\/uploads\/2023\/11\/ZK_07-1.jpg\" alt=\"\" class=\"wp-image-1234\" srcset=\"https:\/\/ewaiwa.ch.pw.edu.pl\/wp-content\/uploads\/2023\/11\/ZK_07-1.jpg 898w, https:\/\/ewaiwa.ch.pw.edu.pl\/wp-content\/uploads\/2023\/11\/ZK_07-1-300x127.jpg 300w, https:\/\/ewaiwa.ch.pw.edu.pl\/wp-content\/uploads\/2023\/11\/ZK_07-1-768x325.jpg 768w\" sizes=\"auto, (max-width: 898px) 100vw, 898px\" \/><\/a><figcaption class=\"wp-element-caption\"><a href=\"https:\/\/www.mdpi.com\/2073-4344\/11\/9\/1041\">Activity of Ag\/CeZrO<sub>2<\/sub>, Ag+K\/CeZrO<sub>2<\/sub>, and Ag-Au+K\/CeZrO<sub>2<\/sub> Systems for Lean Burn Exhaust Clean-Up<\/a><\/figcaption><\/figure>\n<\/div>\n\n<div class=\"wp-block-image\">\n<figure class=\"aligncenter size-full\"><a href=\"https:\/\/www.mdpi.com\/2073-4344\/10\/6\/688\"><img loading=\"lazy\" decoding=\"async\" width=\"526\" height=\"495\" src=\"https:\/\/ewaiwa.ch.pw.edu.pl\/wp-content\/uploads\/2023\/11\/ZK_08-1.jpg\" alt=\"\" class=\"wp-image-1235\" srcset=\"https:\/\/ewaiwa.ch.pw.edu.pl\/wp-content\/uploads\/2023\/11\/ZK_08-1.jpg 526w, https:\/\/ewaiwa.ch.pw.edu.pl\/wp-content\/uploads\/2023\/11\/ZK_08-1-300x282.jpg 300w\" sizes=\"auto, (max-width: 526px) 100vw, 526px\" \/><\/a><figcaption class=\"wp-element-caption\"><a href=\"https:\/\/www.mdpi.com\/2073-4344\/10\/6\/688\">Application of Potassium Ion Deposition in Determining the Impact of Support Reducibility on Catalytic Activity of Au\/Ceria-Zirconia Catalysts in CO Oxidation, NO Oxidation, and C<sub>3<\/sub>H<sub>8<\/sub> Combustion<\/a><\/figcaption><\/figure>\n<\/div>\n\n\n<div class=\"wp-block-media-text is-stacked-on-mobile\"><figure class=\"wp-block-media-text__media\"><\/figure><div class=\"wp-block-media-text__content\">\n<p><a>E. Iwanek, K. Krawczyk, J. Petryk, J.W. Sobczak, Z. Kaszkur, <\/a><br><a>Direct nitrous oxide decomposition with CoO<sub>x<\/sub>-CeO<sub>2<\/sub> catalysts. <\/a><br><a><em>Appl. Catal. B: Environ.<\/em> <strong>2011<\/strong>, <em>106<\/em>, 416<\/a><\/p>\n<\/div><\/div>\n\n\n\n<div class=\"wp-block-media-text has-media-on-the-right is-stacked-on-mobile\"><div class=\"wp-block-media-text__content\">\n<p><a>E. Wilczkowska, K. Krawczyk, J. Petryk, J.W. Sobczak, Z. Kaszkur, <\/a><br><a>Direct nitrous oxide decomposition with a cobalt oxide catalyst. <\/a><br><a><em>Appl. Catal. A: Gen<\/em>. <strong>2010<\/strong>, <em>389<\/em>, 165<\/a><\/p>\n<\/div><figure class=\"wp-block-media-text__media\"><\/figure><\/div>\n\n\n\n<div class=\"wp-block-media-text is-stacked-on-mobile\"><figure class=\"wp-block-media-text__media\"><\/figure><div class=\"wp-block-media-text__content\">\n<p><a>E. Truszkiewicz, W. Rar\u00f3g-Pilecka, K. Szmidt-Sza\u0142owski, S. Jodzis, E. Wilczkowska, D. \u0141omot, Z. Kaszkur, Z. Karpi\u0144ski, Z. Kowalczyk, Barium-promoted Ru\/carbon catalysts for ammonia synthesis: State of system when operating. <\/a><br><a><em>J. Catal.<\/em> <strong>2009<\/strong>, <em>265<\/em>, 181<\/a><\/p>\n<\/div><\/div>\n\n\n\n<div class=\"wp-block-media-text has-media-on-the-right is-stacked-on-mobile\"><div class=\"wp-block-media-text__content\">\n<p>E. Wilczkowska, Z. Kowalczyk, J. Petryk, W. Rar\u00f3g-Pilecka, Z. Kaszkur, Catalytic Decomposition of Nitrous Oxide, Polish Journal of Chemistry 83 (2009) 515<\/p>\n<\/div><figure class=\"wp-block-media-text__media\"><\/figure><\/div>\n","protected":false},"excerpt":{"rendered":"<p>E. Iwanek, K. Krawczyk, J. Petryk, J.W. Sobczak, Z. Kaszkur, Direct nitrous oxide decomposition with CoOx-CeO2 catalysts. Appl. Catal. B: Environ. 2011, 106, 416 E. Wilczkowska, K. Krawczyk, J. Petryk, J.W. Sobczak, Z. Kaszkur, Direct nitrous oxide decomposition with a cobalt oxide catalyst. Appl. Catal. A: Gen. 2010, 389, 165 E. Truszkiewicz, W. Rar\u00f3g-Pilecka, K.&hellip; <a class=\"more-link\" href=\"https:\/\/ewaiwa.ch.pw.edu.pl\/index.php\/zk-joint-articles\/\">Czytaj dalej <span class=\"screen-reader-text\">ZK Joint articles<\/span><\/a><\/p>\n","protected":false},"author":2,"featured_media":0,"parent":0,"menu_order":0,"comment_status":"closed","ping_status":"closed","template":"","meta":{"footnotes":""},"class_list":["post-1227","page","type-page","status-publish","hentry","entry"],"_links":{"self":[{"href":"https:\/\/ewaiwa.ch.pw.edu.pl\/index.php\/wp-json\/wp\/v2\/pages\/1227","targetHints":{"allow":["GET"]}}],"collection":[{"href":"https:\/\/ewaiwa.ch.pw.edu.pl\/index.php\/wp-json\/wp\/v2\/pages"}],"about":[{"href":"https:\/\/ewaiwa.ch.pw.edu.pl\/index.php\/wp-json\/wp\/v2\/types\/page"}],"author":[{"embeddable":true,"href":"https:\/\/ewaiwa.ch.pw.edu.pl\/index.php\/wp-json\/wp\/v2\/users\/2"}],"replies":[{"embeddable":true,"href":"https:\/\/ewaiwa.ch.pw.edu.pl\/index.php\/wp-json\/wp\/v2\/comments?post=1227"}],"version-history":[{"count":5,"href":"https:\/\/ewaiwa.ch.pw.edu.pl\/index.php\/wp-json\/wp\/v2\/pages\/1227\/revisions"}],"predecessor-version":[{"id":1448,"href":"https:\/\/ewaiwa.ch.pw.edu.pl\/index.php\/wp-json\/wp\/v2\/pages\/1227\/revisions\/1448"}],"wp:attachment":[{"href":"https:\/\/ewaiwa.ch.pw.edu.pl\/index.php\/wp-json\/wp\/v2\/media?parent=1227"}],"curies":[{"name":"wp","href":"https:\/\/api.w.org\/{rel}","templated":true}]}}